72928 and 2016?
224
What is the greatest common factor of 15784022 and 113088?
1178
Calculate the greatest common divisor of 133607606 and 39182.
3014
What is the greatest common divisor of 315832 and 12610?
194
Calculate the greatest common factor of 12 and 7524492.
12
Calculate the greatest common factor of 42342 and 19662.
6
What is the highest common factor of 1490577 and 1440094?
2657
What is the highest common divisor of 56337 and 572232?
633
Calculate the highest common factor of 52852224 and 19968.
1536
What is the highest common factor of 7785454 and 368?
46
What is the greatest common factor of 18615 and 789276?
3723
Calculate the greatest common factor of 16 and 10173788.
4
What is the highest common divisor of 26025 and 2817987?
1041
Calculate the highest common divisor of 735 and 6845545.
245
Calculate the greatest common divisor of 253628 and 146264.
1556
Calculate the highest common divisor of 7852 and 3417281.
151
Calculate the greatest common factor of 6372 and 205758606.
354
Calculate the greatest common factor of 158279 and 605.
11
Calculate the highest common divisor of 12072212 and 1.
1
Calculate the greatest common factor of 18045457 and 519.
173
Calculate the highest common divisor of 194337 and 1584.
99
What is the greatest common divisor of 36965735 and 62510?
4465
Calculate the highest common factor of 22413 and 116808.
93
Calculate the greatest common factor of 7977294 and 44530.
146
What is the highest common factor of 3260238 and 696?
174
Calculate the highest common factor of 23237 and 166079.
19
What is the greatest common factor of 80 and 18536360?
40
Calculate the greatest common factor of 42507 and 507.
3
What is the highest common factor of 459152 and 432?
16
What is the highest common factor of 54880 and 228640?
160
Calculate the highest common divisor of 23876354 and 1655.
331
What is the highest common factor of 1366824 and 3672?
24
What is the greatest common factor of 210616 and 14112?
56
Calculate the greatest common divisor of 670457818 and 302.
302
Calculate the greatest common divisor of 247 and 3913829.
19
Calculate the highest common divisor of 1218 and 4680252.
174
Calculate the greatest common divisor of 11538 and 2493.
9
What is the highest common divisor of 1682 and 103009044?
1682
Calculate the highest common factor of 1171837884 and 1603.
1603
Calculate the highest common factor of 25326 and 20585348.
938
Calculate the highest common factor of 139185384 and 3770.
754
Calculate the highest common divisor of 11130 and 130803470.
3710
What is the highest common divisor of 1440 and 10301760?
1440
Calculate the greatest common factor of 3072208 and 8.
8
Calculate the highest common factor of 15109622 and 242.
22
What is the highest common factor of 152 and 62852?
76
Calculate the highest common divisor of 197030 and 1320.
10
Calculate the highest common divisor of 102455336 and 2678.
206
Calculate the highest common divisor of 13 and 1407484.
13
Calculate the greatest common divisor of 495946732 and 4.
4
What is the highest common factor of 3420 and 127110?
570
Calculate the greatest common divisor of 47573370 and 2340.
1170
Calculate the highest common factor of 13220 and 1377700.
20
Calculate the highest common factor of 183768 and 11571.
57
Calculate the greatest common divisor of 494 and 95978519.
247
What is the greatest common factor of 10 and 162614930?
10
What is the highest common divisor of 1626728 and 32?
8
What is the highest common divisor of 146642954 and 1030?
206
What is the highest common factor of 116659722 and 7218?
2406
Calculate the highest common factor of 1630 and 20427430.
10
What is the greatest common divisor of 100 and 633402450?
50
Calculate the greatest common divisor of 168 and 48039656.
56
What is the highest common divisor of 16431462 and 54?
18
Calculate the greatest common factor of 14 and 22005788.
14
Calculate the greatest common factor of 10 and 24432745.
5
Calculate the greatest common divisor of 969053 and 2509.
193
Calculate the highest common divisor of 2394 and 3751011.
9
What is the highest common factor of 6 and 23432706?
6
What is the highest common divisor of 9372 and 5040006?
426
What is the highest common divisor of 17541142 and 228?
38
Calculate the highest common divisor of 269 and 127147961.
269
Calculate the greatest common factor of 776 and 5221316.
388
What is the highest common factor of 69196502 and 109416?
9118
Calculate the highest common factor of 82240 and 311008.
32
Calculate the highest common factor of 28 and 591819613.
7
What is the greatest common divisor of 51000 and 14892?
204
What is the highest common factor of 103733 and 6086143?
1421
Calculate the greatest common factor of 40 and 939370.
10
What is the greatest common factor of 540026507 and 148?
37
Calculate the highest common divisor of 4680 and 990405.
585
Calculate the greatest common divisor of 5320 and 32024120.
760
What is the greatest common factor of 14 and 269715173?
7
What is the highest common factor of 118320 and 4092944?
464
Calculate the highest common divisor of 56 and 1483972.
28
Calculate the highest common divisor of 11909525 and 350.
25
What is the greatest common divisor of 734 and 310883865?
367
What is the greatest common factor of 455712 and 20796?
12
What is the highest common divisor of 19115 and 84790?
5
Calculate the greatest common divisor of 538358975 and 9163.
1309
What is the highest common divisor of 265 and 5771329?
53
Calculate the greatest common divisor of 100 and 347612.
4
What is the highest common divisor of 5252 and 2215564?
52
Calculate the highest common factor of 255 and 10412755.
85
What is the highest common divisor of 220456 and 31688?
136
Calculate the greatest common factor of 473326612 and 824.
412
What is the greatest common divisor of 37890 and 858060?
90
Calculate the highest common divisor of 40 and 4248790.
10
Calculate the highest common divisor of 75804247 and 571.
571
Calculate the highest common divisor of 19980416 and 272.
16
What is the greatest common factor of 56 and 463739808?
56
Calculate the greatest common divisor of 4632883 and 16760.
419
Calculate the highest common divisor of 5340604 and 13716.
508
What is the greatest common factor of 13604052 and 300?
12
What is the greatest common factor of 14321516 and 5093?
5093
Calculate the highest common divisor of 18066624 and 12702.
438
What is the highest common divisor of 3803616 and 2872?
8
Calculate the greatest common factor of 404 and 76865242.
202
What is the greatest common divisor of 1119992 and 16?
8
Calculate the highest common divisor of 138 and 227138.
2
What is the greatest common divisor of 284163 and 55481?
109
Calculate the greatest common divisor of 4488 and 50775736.
1496
Calculate the greatest common divisor of 19239 and 441.
3
Calculate the highest common divisor of 9 and 193266666.
9
Calculate the highest common divisor of 3072411 and 168075.
6723
What is the highest common divisor of 3511998 and 1620?
162
Calculate the highest common divisor of 468671620 and 106740.
11860
What is the greatest common factor of 1095917 and 1?
1
Calculate the highest common divisor of 6 and 22025566.
2
Calculate the highest common divisor of 4806 and 432006.
534
Calculate the greatest common divisor of 2 and 16125079.
1
What is the greatest common factor of 258494 and 1014942?
614
What is the highest common factor of 111076144 and 26708?
2428
What is the highest common factor of 3811 and 281792?
37
What is the highest common factor of 204677 and 15571?
23
Calculate the greatest common factor of 24437372 and 1438.
1438
Calculate the greatest common divisor of 665 and 466242.
7
What is the highest common factor of 559107 and 21608?
2701
What is the highest common factor of 15652168 and 392?
392
What is the greatest common divisor of 77403052 and 18516?
6172
What is the highest common divisor of 5547009 and 351?
39
What is the highest common divisor of 8160 and 2814180?
1020
What is the greatest common divisor of 444789 and 706275?
657
What is the highest common divisor of 54750025 and 2750?
275
Calculate the greatest common divisor of 83342226 and 12573.
4191
What is the highest common factor of 3381 and 20776637?
49
What is the highest common factor of 35953 